on factor of 6 and f.
3
Let t(m) = -m**3 - 5*m**2 - 5*m - 3. Let d(j) = j + 1. Let g be d(-4). Let l be t(g). Let x be (-4)/l - 52/(-3). What is the greatest common factor of 6 and x?
6
Let x = 42 - 22. Let q(w) = w**2 + 2*w - 30. Let l be q(-7). What is the greatest common factor of x and l?
5
Suppose 0*b + 2*b = 210. Let z(q) = 3*q**3 - q**2 + q - 1. Let j = -1 + 3. Let w be z(j). Calculate the highest common factor of b and w.
21
Let s = 118 + -98. What is the greatest common divisor of s and 8?
4
Let b = 42 + -20. Let s = -95 + 183. Calculate the highest common factor of s and b.
22
Let q be 3/5*(5 + -10). Let i be 2/(-3) + 10/q. Let w be (1 - 18)/(i/8). What is the highest common factor of 85 and w?
17
Let m(l) = l**3 + l**2 - l + 5. Let z be m(0). Suppose -3*y - 25 = 4*t, 5*y - t = -4 - 7. Let k = y + z. What is the greatest common divisor of 8 and k?
2
Let n = -420 - -605. Suppose 0 = -4*f + 5*v + 155, 4*f + 2*v - v = n. Calculate the highest common divisor of f and 5.
5
Suppose 0*i + 28 = -4*i. Let h(r) = -12*r - 4. Let m be h(i). Calculate the greatest common factor of m and 20.
20
Suppose -27 = -3*h + 3*x - 0*x, 5*x + 9 = -4*h. Let c(y) = 2*y - 3. Let g be c(h). What is the greatest common divisor of g and 10?
5
Suppose 3*l - 40 = l - 4*f, 5*f = -10. Suppose -2*u + l = o + 6, 0 = -2*o + 4*u + 36. Calculate the highest common divisor of 198 and o.
18
Let p(n) = -1 + n**2 + 4*n**2 - 2*n + 3*n. Let i be 0 + (-1)/(1/(-2)). Let g be p(i). What is the highest common divisor of g and 3?
3
Let i be (2 + -1)/(1/3). Suppose -5*s + o = -179, i*s + o - 6*o - 103 = 0. Calculate the greatest common divisor of 54 and s.
18
Suppose -4*h + 2*o + 0*o + 8 = 0, -5*o = 5*h + 5. Suppose h + 179 = 5*i. Let y = 2 + 2. What is the highest common factor of i and y?
4
Let s be ((2 + -2)/2)/1. Suppose -49 = -5*z - 2*w, 3*z - 3*w + 0*w - 21 = s. What is the greatest common divisor of z and 45?
9
Let b(i) = 2*i - 1. Suppose 0*v - v = -2. Let s be (-86)/(-18) - v/(-9). Let f be b(s). What is the greatest common divisor of 3 and f?
3
Let l be 8/(-20)*(-1 + -4). Suppose 72 = l*d + 2*d. Let t be (-1)/(-2) - (-6)/4. Calculate the greatest common divisor of t and d.
2
Suppose -2*s - 2 = -0*s. Let v = s + 13. Calculate the greatest common factor of 132 and v.
12
Suppose -15 = -5*c - 0. Suppose 2*m = 3*j - 25, -6*j - c*m + 67 = -j. Calculate the highest common factor of j and 99.
11
Suppose -42 + 252 = 2*z. Let r be (9/(-2))/(9/(-312)). Let o = r - z. What is the highest common factor of 17 and o?
17
Suppose -k + 56 = 5*p, 0 = -2*k - 2*k - 3*p + 173. Let t be (17 - -1)/((-4)/6). Let n = t + k. Calculate the highest common factor of n and 2.
2
Let f(v) = 2*v - 1. Let i be f(5). Suppose -4*a = 2*l + 3*l + 3, -2*l + 8 = -3*a. Let t(x) = -36*x. Let u be t(a). What is the highest common factor of u and i?
9
Suppose 5*r - 62 = -7. Let h = 0 - 1. Let v be ((0 + 121)*-1)/h. What is the highest common factor of r and v?
11
Let s(v) = v + 3. Let x be s(0). Let m be x/(-4) - 375/(-20). Suppose -2*t = 3*t - 990. Calculate the greatest common divisor of m and t.
18
Let m be 788/12 + 1/3. Let z(p) = -22*p**3 + p**2 - 1. Let k be z(-1). Calculate the greatest common factor of k and m.
22
Suppose -3*n = -i + 7 + 1, -3*i + 11 = 4*n. Calculate the highest common divisor of i and 55.
5
Let b be (-2 - (-36)/8)*2. Calculate the highest common factor of b and 15.
5
Suppose -62*z + 54*z + 2400 = 0. What is the greatest common factor of 60 and z?
60
Let r = 16 - 0. Suppose -r = -4*c - 0*c. Suppose -c*s = -2*w + 1 + 1, 0 = -4*w + 4*s + 24. What is the highest common factor of w and 121?
11
Suppose -p + 6*p - 40 = 0. Calculate the greatest common divisor of 8 and p.
8
Let u(h) = -6*h**2 + 3*h - 1. Let g(r) = -5*r**2 + 3*r - 1. Let x(c) = -5*g(c) + 4*u(c). Let q be x(4). What is the highest common divisor of 40 and q?
5
Let q be 24/(-42) + (-1523)/(-7). What is the highest common factor of q and 31?
31
Let n be 15 - (-5 - (3 - 5)). What is the highest common factor of 6 and n?
6
Let j = 274 + -159. What is the highest common factor of 23 and j?
23
Suppose 0 = 18*m - 238 - 86. Let g = -136 - -236. Suppose -g = -5*d + 620. What is the greatest common divisor of d and m?
18
Let w be (54/(-15))/((-6)/15). Let d(m) = m**3 - 10*m**2 + 10*m - 3. Let a be d(w). What is the greatest common divisor of a and 24?
6
Let w = -43 + 113. Let p(h) = -2*h**3 + 8*h**2 - 5*h + 4. Let q be p(5). Let x = q + 99. What is the greatest common divisor of w and x?
14
Suppose 5*b = 2*p - 26, -4 - 1 = p + 2*b. What is the greatest common factor of p and 33?
3
Let d be (-24)/(-10) - 2/5. Let y = d + -2. Suppose y*x - 25 = -x. What is the greatest common divisor of x and 5?
5
Let w be (-2 + (-6)/(-4))*0. Suppose -4*d = 5*i - 30, w = -3*i + 7*d - 2*d + 55. Suppose -8 = -3*j + i. What is the highest common factor of 1 and j?
1
Suppose 2*z + l = 27, -5*l + 15 = z + z. Suppose -5*u + z = -0. Calculate the highest common factor of 15 and u.
3
Let t = -2 - -2. Suppose t*j - 2*j = -8. Suppose 0 = 3*k + 9, 3*v - j*v + 5*k + 127 = 0. What is the highest common factor of v and 14?
14
Suppose 5*r = 3*r. Let v be 30 + (0 - (1 + r)). Suppose 0 = 2*j - 0*p - 2*p - 18, -2*p = -3*j + v. Calculate the greatest common factor of j and 33.
11
Suppose -10*y + 9*y + 48 = 0. Calculate the highest common divisor of y and 36.
12
Suppose -3*g - 71 - 19 = 0. Let u = 55 + g. What is the greatest common factor of 10 and u?
5
Suppose 4*v = 2*a - 13 + 3, 5*v + 11 = 2*a. Suppose n - a*q = -4*q + 19, 3*q = -9. What is the highest common divisor of 242 and n?
22
Let l = -19 - -24. Calculate the greatest common factor of 25 and l.
5
Let h = 16 - 0. Calculate the greatest common factor of 16 and h.
16
Let p = -31 - -60. What is the greatest common divisor of p and 203?
29
Suppose 2*a + 20 = 6*a. Suppose a*j = 144 - 54. Calculate the greatest common factor of j and 2.
2
Let i(h) = -h + 12. Let s = 0 + 10. Let t be i(s). What is the highest common divisor of 4 and t?
2
Suppose 9*h - 10*h = -3. What is the highest common factor of 33 and h?
3
Let z = -5 + 14. Suppose n - z = -j - 0*n, -j + 9 = 2*n. What is the highest common factor of 27 and j?
9
Let i = -1 + 4. Let s(c) = -c**2 + 8*c - 7. Let n be s(i). Calculate the highest common divisor of 88 and n.
8
Let r = -49 + 84. Calculate the greatest common divisor of 7 and r.
7
Let x be 8/20 - 46/(-10). Suppose 3*d + d - 246 = 5*f, 0 = -4*d - 4. Let w = f - -70. Calculate the greatest common divisor of w and x.
5
Let n = -22 - -32. Let c be 3*1 + 1 + -2. What is the greatest common divisor of n and c?
2
Suppose w - 10 = -3*c, 40 = 3*c - 0*w - 5*w. Suppose m - c*m = 4*t - 48, 3*m - 37 = -2*t. Calculate the greatest common divisor of 91 and m.
13
Let m be 20*((-58)/(-44) - 2/(-11)). Suppose -g = -2 - 2. Let n be (-23)/(-4) - (-1)/g. What is the greatest common factor of n and m?
6
Let g be 1/((-1)/(-15)*3). Suppose -6*f + f + 5*c + 45 = 0, -g*c = 4*f - 18. What is the highest common divisor of f and 35?
7
Suppose 8 = 2*u + 2*u. Let h(k) = 15*k. Let i be h(2). Suppose -5*a + 121 = 5*p + 36, 4*a = 3*p - i. Calculate the highest common divisor of p and u.
2
Let t be 13/5 + 4/10. Suppose -u + 39 = -2*a, -4*a = 5*u - t*a - 195. Calculate the highest common divisor of 13 and u.
13
Let q(h) = -3*h**3 - h**2 + 2. Let v be 6/(-15) - (-84)/10. Let o be (-16)/9 + v/(-36). Let z be q(o). Calculate the greatest common factor of z and 2.
2
Let r be (-30)/(-35)*(0 - -14). Let j(i) = -i + 17. Let x be j(-13). Calculate the greatest common factor of x and r.
6
Suppose -21*o + 22*o = 25. Calculate the highest common factor of 25 and o.
25
Suppose h + 15 = 2*h. Let t be ((-14)/21)/((-1)/h). What is the highest common divisor of 90 and t?
10
Suppose 9*p = -3*p + 96. Suppose -5*m - 159 = 71. Let x be (-1)/(-3) - m/6. What is the greatest common divisor of x and p?
8
Let t be 3/((-3)/24*(-3 - -1)). What is the highest common divisor of 48 and t?
12
Let h(z) = 2*z + 5. Let y be h(-6). Let v = 15 + y. Calculate the highest common factor of 88 and v.
8
Suppose -3*u - 55 = -8*u. Let v = -26 + 37. What is the greatest common factor of u and v?
11
Let a be ((-12)/10)/(3 - (-94)/(-30)). Calculate the highest common divisor of a and 81.
9
Suppose